se 0 = -g + 5*h + 243, 4*g - t = -9*h + 7*h. List the prime factors of g.
2, 109
Suppose -2 + 20 = 3*b. Suppose -j = j + b. Let u = 61 - j. List the prime factors of u.
2
Let t(x) = -4*x + 104. Let b be t(27). List the prime factors of (2 + (-2 - b))*(-4431)/(-42).
2, 211
Suppose -c - 83135 = 26*c - 425549. List the prime factors of c.
2, 17, 373
Let m be -4 + (6 - (-3 - -3)). Suppose -2*b - 139 = -z, -m*z + 231 = -3*b - 44. List the prime factors of z.
7, 19
Let o = -255 - -259. What are the prime factors of (-2)/o*-266 - (1 + -3)?
3, 5
Suppose -47*p + 14*p - 191*p + 18957120 = 0. What are the prime factors of p?
2, 3, 5, 7, 13, 31
Let w(o) = -65*o - 256. Let x(g) = -21*g - 86. Let q(h) = -6*w(h) + 17*x(h). What are the prime factors of q(5)?
239
Let h(d) = d**2 - 16*d + 34. Suppose 3*w + c - 49 = 0, 6*w - 70 = w - 4*c. Let u = 39 - w. List the prime factors of h(u).
139
Suppose 2*i - 42 = -5*j, 2*j + 3*i - 9 = 10. Let h(s) = s**3 - 6*s**2 - 13*s + 18. List the prime factors of h(j).
2, 3, 7
Suppose -3*o + 6 = -3. Let t(a) = 2*a + 2*a - 2*a**3 + a**2 + 0*a**3 + 5 - a**o. List the prime factors of t(-3).
83
Suppose 132*b - 3134538 = -293*b + 128*b. List the prime factors of b.
2, 3, 1759
Suppose j - 280 = -3*j. Let i = j + 24. Let a = i - 79. List the prime factors of a.
3, 5
Let k(f) = 227*f + 2051. What are the prime factors of k(16)?
5683
Let u(h) = 48*h**2 + 2*h - 9. Let w(a) = 4*a**2 + 15*a + 4. Let z be w(-3). What are the prime factors of u(z)?
1181
Let l = -258 - -286. List the prime factors of (1 + l)/(3*(-4)/(-240)).
2, 5, 29
Let v = -3276 - -3777. What are the prime factors of v?
3, 167
List the prime factors of (23 - 1900/80)/(6/(-270904)).
33863
Suppose 5*h + 4*t - 94 = -4, -2*t + 90 = 5*h. Suppose 0 = h*l - 14*l - 8. Suppose -110 = -5*j + 5*p, -3*j - p + l*p = -76. List the prime factors of j.
3
Suppose 4 = 14*g + 4. Suppose 2*x - 213 + 59 = g. List the prime factors of x.
7, 11
Let y = -2901 - -5011. List the prime factors of y.
2, 5, 211
Let t(m) = m**3 - 9*m**2 - 9*m - 7. Let x be t(10). Suppose -1202 + 332 = x*o. Let i = o + 537. What are the prime factors of i?
13, 19
What are the prime factors of (-18)/(-972)*9 - 167909/(-6)?
5, 29, 193
Let n = -308 + 292. Suppose -3*t = t + 56. List the prime factors of n/(-28) + (-1560)/t.
2, 7
Suppose -o - 40 = 4*i, -4 = -0*i - i. Let r = -4 - o. Let v = r - 33. What are the prime factors of v?
19
Let x be (2 - 1) + 4/16*4. Suppose s + c = 977, 2*s - 1803 - 167 = x*c. List the prime factors of s.
3, 109
List the prime factors of ((-715)/(-52) + -27)*-1214*2.
53, 607
Let z(m) = m**3 - 4*m**2 + 6*m + 13. Let b be z(9). Suppose u = f - b, -310 = -3*f - 4*u + 1113. What are the prime factors of f?
11, 43
Let g(r) be the second derivative of r**4/12 - 5*r**3/6 + 15*r**2/2 + 17*r. Let p be g(8). Let z = p + -11. List the prime factors of z.
2, 7
Suppose -5*j + 25 = 2*u, -4*u + 9*j + 95 = 4*j. Suppose 7*v = 6 - u. Let x(o) = 37*o**2 - o - 4. What are the prime factors of x(v)?
2, 73
Suppose -10*d = -9*d + 13. Let j(w) = -48*w - 97. What are the prime factors of j(d)?
17, 31
Let r = -1789 + 3118. List the prime factors of r.
3, 443
Let s(k) = k**2 + k - 2. Let l be s(2). Let x(u) = 3*u - 8. Let w be x(l). Suppose w*o + 56 = 200. List the prime factors of o.
2, 3
What are the prime factors of (-8)/(-112)*7 - 1 - (-74262)/4?
5, 47, 79
Suppose -45*z - 271260 = -1079415. What are the prime factors of z?
17959
Let n = 0 + 1. Let k be (-69)/1 + 1 + n. Let a = k - -124. List the prime factors of a.
3, 19
Suppose 28*p - 65101 - 168391 = 0. What are the prime factors of p?
31, 269
Let a = 33508 + 9354. List the prime factors of a.
2, 29, 739
Let i = 43 - 5. Suppose -i*z - 378 = -41*z. What are the prime factors of z?
2, 3, 7
Let z = -22 + 141. Suppose -1072 = -z*u + 115*u. What are the prime factors of u?
2, 67
Let h(o) = 3*o**3 + 257*o**2 + 467*o + 26. What are the prime factors of h(-83)?
3, 53, 103
Let q(t) = -3*t**3 - t**2 - 2*t + 1. Let r be q(1). Let y be 12/((-8)/2)*(r - -4). Suppose c + 0*v = -v + 73, y*c + 2*v = 217. List the prime factors of c.
71
Let r = 1976 - 758. List the prime factors of r.
2, 3, 7, 29
Let y(d) = 3*d**3 - 28*d**2 + 58*d + 24. Let l(p) = -4*p**3 + 28*p**2 - 59*p - 25. Let b(v) = 2*l(v) + 3*y(v). What are the prime factors of b(26)?
2, 3, 7
Suppose -71 = -2*a - k, -a - a + 86 = 4*k. Suppose 0 = -2*z - 4*c + 92, -5*z + 261 = -5*c + 46. Let n = z + a. What are the prime factors of n?
7, 11
Suppose -55 = 3*z - 2*i + 7*i, -4*i + 20 = -4*z. What are the prime factors of (-498)/z - 21/(-105)?
2, 5
Let u(w) = -w**2 + 7*w + 19. Let v = 74 + -68. Let o be u(v). List the prime factors of 130 - (-15)/(o/5).
7, 19
Let w(k) = k**2 + 15*k + 10. Suppose 2*y - 4 = -32. Let u be w(y). What are the prime factors of (-2)/u - (-1253)/14?
2, 3, 5
Let u = 37 + -41. Let j be ((-136)/u + -1)*-1. Let q = -20 - j. List the prime factors of q.
13
Suppose 2157 + 393 = 34*k. What are the prime factors of k?
3, 5
Let u(j) = j**2 + 6*j + 7. Let h be u(-1). Suppose -m + 537 = -33*k + 37*k, m = -h*k + 529. List the prime factors of m.
521
Suppose 5*d - 29777 = -2*h, 2*d - 6960 = -4*h + 4970. What are the prime factors of d?
5953
Let b(q) = q + 16. Let u be b(-4). Suppose 7*l + 20 = u*l. Suppose 82 = v + l*c, 2*c + 24 = v - 70. What are the prime factors of v?
2, 3, 5
Suppose 0 = 2*c - 2, -5666 = -4*v - 5*c + 5163. Suppose 4*b + 3*q = 2701, 5*b - b + 2*q = v. What are the prime factors of b?
7, 97
Let r(c) = -4*c - 2. Let u be r(-1). Suppose 42 - 32 = u*d. Suppose -2*f - 813 = -d*v - 4*f, 16 = 4*f. List the prime factors of v.
7, 23
Let u(r) = 18*r**2 + 365*r - 11706. What are the prime factors of u(37)?
137, 193
Let s(b) = 438*b**2 + 6*b - 12. What are the prime factors of s(4)?
2, 3, 5, 13
Let j = 2911 - 1341. Let o = 2824 - j. What are the prime factors of o?
2, 3, 11, 19
Let j(n) = 2*n**3 - 15*n**2 - 2*n - 8. Let c be j(8). Let b = c - 32. Suppose 4*o + 188 = b*o. List the prime factors of o.
47
Let a(f) = 11*f**3 + 4*f**2 - 3*f + 6. Let i be a(-4). Let h = i - -193. What are the prime factors of (h/(-12))/(2/8)?
11, 13
Let j(a) = 47*a**2 + 3*a + 196. What are the prime factors of j(-16)?
2, 3, 5, 7, 29
Let x be (-6 - -1) + 2 - -19. Let n(c) be the second derivative of 7*c**3/6 - 12*c**2 - 2*c + 41. List the prime factors of n(x).
2, 11
Suppose -5*o - a = 4*a - 50, 0 = -o - 2*a + 14. Suppose o*w = 3*w - 6, 2*w - 5 = 3*h. List the prime factors of 927/12 - h/(-12).
7, 11
Suppose 192*r + 87135 = 207*r. List the prime factors of r.
37, 157
Suppose -83*t + 32*t = -1254906. What are the prime factors of t?
2, 3, 1367
Suppose -5*h - 4*i - 24 = 0, -7*h + 7 = -9*h + i. List the prime factors of 2/((0 - h/6792)*2).
2, 3, 283
Let h(i) = 81*i - 140. Let f be h(3). Let o = f + 1675. What are the prime factors of o?
2, 7, 127
Suppose 3*m + 2*m = 5*c + 5, 4*c = 3*m. Suppose -3*o - 2*o = 0, 4*n - c*o = 208. What are the prime factors of (-2 + n)*(13 - 11)?
2, 5
Suppose 5*s - 4*z - 51816 = 0, -5*z - 51815 = -21*s + 16*s. What are the prime factors of s?
2, 2591
Let v be 8*1*(7 + 78/(-12)). Let l(j) = 2*j**3 - 6*j**2 + 3*j - 7. What are the prime factors of l(v)?
37
Let n(j) = -18 + j**2 + 2*j - 2*j**2 - j**2 + 3*j**2. Let i be n(-6). Suppose -c = -i*c + 470. What are the prime factors of c?
2, 47
Let c = -99 - -89. Let h be ((-6)/(-10) + 1)/(c/150). List the prime factors of -5 + (-3534)/h + (-6)/(-8).
11, 13
Let u = -716 + 721. Let a(z) = 39*z**2 + 19*z - 39. List the prime factors of a(u).
1031
Let f(p) = -3*p - 9*p**2 - 5464 + 20*p**2 + 5635. What are the prime factors of f(10)?
17, 73
Let m(p) = -305*p - 35. Let x be m(-6). Suppose -4*k + 870 = j, 2*j + 3*k = 6*k + x. List the prime factors of j.
2, 5, 89
List the prime factors of (4/6 + 775/300)/(13/88244).
13, 1697
Let t be 8489/26 + (-6)/(-4). Let n = -188 + t. What are the prime factors of n?
2, 5, 7
Suppose -315861 - 159 = -60*l. What are the prime factors of l?
23, 229
Suppose -5 = -2*l + 3*q, 3*q - 1 - 2 = 0. Suppose l*g - 5*t = 522, -2*t = -4*g + 315 + 201. What are the prime factors of g?
2
Let j = -121 - -1287. Let g = 2003 - j. What are the prime factors of g?
3, 31
Let w be -7 - (-102 - 3) - 1/1. Suppose q - 3*f = f + 51, -2*q = -3*f - w. Suppose 3*